 1. Let a be n(9). What is the highest common divisor of m and a?
10
Let i be (62/(-310))/((-1)/30)*332/1. What is the highest common divisor of i and 36?
12
Let r(n) = n**3 - 2*n**2 + 41*n - 103. Let g be r(3). Calculate the highest common divisor of g and 2146.
29
Let y be (-9)/(18/502) - (0 + 1). Let i = -241 - y. Calculate the highest common factor of i and 44.
11
Suppose -7*d = -0*d - 56. Suppose 54 = -2*n + d*n. Let a be 4/14 + -4 + 152/7. Calculate the greatest common factor of n and a.
9
Let h = -20316 - -20325. Suppose -l + 40 + 32 = 0. What is the greatest common factor of l and h?
9
Let n(p) = p**3 + 10*p**2 - 58*p + 13. Let y be n(-11). Suppose -483 = -4*i - 3*r, -4*i + 3*r - 53 = -y. Calculate the highest common divisor of 40 and i.
40
Let m(h) = -h**2 + 100*h - 1326. Let n be m(16). What is the highest common divisor of n and 3384?
18
Let j be (5 + -4)/((-1)/(-11)). Let y(x) = x**2 + 17*x + 27. Let i be y(-21). Let m = i - 110. What is the highest common divisor of j and m?
1
Let n be ((-3)/3)/(-2*(-5)/(-250)). Let a be (-14)/(-5) - n/(-125). Suppose 0 = x + 3*x, 5*c + a*x = 65. Calculate the greatest common factor of c and 13.
13
Let h(p) = p**2 - 6*p - 6. Let j be h(-13). Let m = -116 + j. Suppose x - 5 = 20. Calculate the highest common factor of m and x.
25
Let q be 23/((-322)/(-84)) + 9. Calculate the greatest common factor of 3585 and q.
15
Let s(o) = 15*o**2 + o + 1. Let t be s(-1). Let n(i) = -9 + 4*i + t - 14. Let x be n(12). Calculate the greatest common divisor of x and 5.
5
Let z be -5*((-576)/(-30))/(-12) - -62. Calculate the highest common divisor of z and 5705.
35
Suppose 2*h - 37 + 1 = 0. Suppose 2*k - 3*k - 28 = 0. Let x = k - -100. What is the greatest common factor of h and x?
18
Suppose -4*c = 3*x - 1, 4*x - 7*c + 6*c = -24. Let t = x - -31. Let n(f) = 291*f - 5. Let v be n(1). Calculate the greatest common factor of t and v.
26
Suppose -j = -9*y + 11*y - 200, -5*j = 10. Calculate the highest common factor of y and 2727.
101
Let i be (-24)/228 - (-593262)/418 - (-4)/(-22). What is the highest common divisor of 129 and i?
129
Suppose -2*n - 18*n + 154 = 2*n. Calculate the highest common factor of 497 and n.
7
Let g = 1491 + -115. Let h = 696 - g. Let x be h/(-14) + 8/(-14). Calculate the greatest common divisor of x and 6.
6
Let a = 5393 - 3248. Calculate the highest common divisor of 495 and a.
165
Let a = 132 + -76. Let c = 5922 - 5914. Suppose c*f - f = a. What is the greatest common divisor of 4 and f?
4
Suppose 5*y = 3*h + 14, 3*h = -5*y + 11 - 45. Let b(l) = -8*l - 41. Let u be b(h). What is the greatest common divisor of u and 184?
23
Suppose -12 = -3*j, 2*r + 93 = -4*j + 169. Calculate the greatest common factor of r and 2290.
10
Let b = 1894 + -1847. What is the greatest common divisor of b and 235?
47
Suppose 17 - 17 = 27*n. Suppose -20*x + 11*x + 549 = n. Calculate the highest common divisor of x and 549.
61
Let b(y) = 13*y**2 + 4*y + 3. Let g be b(-4). Suppose 414*l + 4060 = 22698 + 12412. What is the highest common divisor of l and g?
15
Suppose -4*u + 7*u = -5*q - 2, -u + 3*q + 4 = 0. Let a be (u - -1)*272/16. Calculate the greatest common divisor of 2 and a.
2
Let b be 32/224 + (-1175)/(-7). What is the highest common divisor of b and 21?
21
Suppose -2*r - 20 = 5*y, 4*r + 12 = 4*y - 0*y. Let z be -3 - 87*y - -4. Let l = 245 - z. Calculate the greatest common factor of l and 14.
14
Let h = 9240 + -7952. What is the greatest common divisor of h and 364?
28
Let h(n) = -4857*n - 7721. Let a be h(-9). What is the highest common factor of 409 and a?
409
Let v(d) = -d**3 - 9*d**2 - 39*d + 21. Let a be v(-9). Calculate the highest common divisor of a and 155.
31
Suppose 0 = -3*g - 2*g - 8*g + 1482. What is the highest common divisor of 516 and g?
6
Let p be (-15)/((-135)/963) + -17. Calculate the greatest common factor of 2910 and p.
30
Let r = -305 - -307. Let d be r*(-3)/(-10) - 9282/(-30). Calculate the greatest common factor of d and 10.
10
Let c = 506 - 498. What is the greatest common divisor of c and 2048?
8
Suppose -2*p - 3*p = -60. Suppose 0 = i + s - 88, -3*i - 4*s + 160 + 108 = 0. Calculate the greatest common factor of i and p.
12
Suppose -132 = -9*d - 24. Suppose 0 = 39*w - d*w - 1890. Calculate the highest common factor of 20 and w.
10
Let f(r) = 127*r**2 - 8*r - 7. Let b be f(-1). Calculate the highest common divisor of 256 and b.
128
Suppose 6*s + 5*q + 19 = 8*s, -s - 3*q - 7 = 0. What is the greatest common divisor of 1514 and s?
2
Let m be 12/28 - -2*(-7821)/(-154). What is the highest common factor of m and 1666?
34
Let m be (8*(-3)/24)/((-2)/1420). Calculate the highest common factor of 500 and m.
10
Let h(l) = -595*l - 5790. Let i be h(-10). What is the highest common divisor of 11040 and i?
160
Let b(t) be the first derivative of -33*t**2/2 - 4*t + 19. Let p be b(-8). What is the highest common divisor of 52 and p?
52
Let y(m) = 18*m + 179. Let f be y(17). Suppose 2*v - 3*b + f - 2027 = 0, b + 3104 = 4*v. What is the highest common factor of 21 and v?
21
Suppose 115*p - 76 = -5*c + 111*p, 2*p = -22. Suppose 3*i = -0*i - 3. Let q = i + 7. Calculate the highest common factor of q and c.
6
Suppose 2*x = -5*b + 6*x + 94, -4*x + 68 = 4*b. What is the greatest common divisor of 1143 and b?
9
Suppose -1036 = -5*s - b, 3*s - 650 = -10*b - 19*b. What is the highest common factor of s and 36?
9
Suppose 0 = 2*n - 5*k + 24 - 89, -3*k = -n + 30. Let x(r) = -3246*r - 15825. Let d be x(-5). What is the highest common factor of d and n?
45
Let b(n) = 4*n**2 - 7*n + 3. Let m be b(6). Let l = -1088 - -1091. Suppose -15 = -l*g + m. Calculate the highest common divisor of 5 and g.
5
Let b(c) = -c**2 + 25*c - 30. Let d be b(9). Suppose 0 = 3*i - 20 + 2. Calculate the greatest common factor of d and i.
6
Suppose 265*i = 547 + 5283. Calculate the greatest common divisor of 1067 and i.
11
Let x be (-9)/(-6)*(-50384)/(-67). Calculate the highest common divisor of x and 72.
24
Let h be ((-24)/10)/((-6)/(-4)*(-26)/3380). What is the highest common divisor of h and 1196?
52
Suppose -3*y + 39 = 18. Let c = y + -23. Let b = -5 - c. What is the greatest common divisor of 88 and b?
11
Let b = -46548 - -88373. Calculate the highest common divisor of 175 and b.
175
Let t be ((-2)/(-5) + 14/40)/((-252)/(-54432)). Calculate the highest common factor of t and 30.
6
Let i(h) = 89*h**2 + 74*h + 590. Let l be i(-7). Calculate the highest common divisor of l and 11.
11
Let c(g) = -g**2 + 44*g - 130. Let k be c(40). What is the highest common factor of 80 and k?
10
Suppose -27*u = -68*u - 34*u + 45000. What is the highest common divisor of 210 and u?
30
Let x(q) = -81*q - 1. Let o = -2 + -1. Let w be x(o). Let g be 264/(-30)*((-175)/(-14))/(-5). Calculate the highest common factor of w and g.
22
Suppose 661 = 4*x + 3*v, -370*x + 368*x - v = -327. Suppose j - 3*j = -80. Calculate the greatest common divisor of x and j.
40
Let i(r) = 6*r - 171. Let g be i(36). Let v = 43 - 17. Let z = g - v. What is the highest common divisor of z and 38?
19
Let n be 2/5 + 172/20. Suppose 2316 + 1254 = -17*m. Let g = m + 381. Calculate the highest common factor of g and n.
9
Suppose -435 = -5*p - 5*y + 105, 4*y + 464 = 4*p. Calculate the greatest common divisor of 7504 and p.
112
Let f(o) = 2*o**3 - 89*o**2 - 42*o + 97. Let g be f(45). Suppose 0 = 2*b - 4*b + 16. Calculate the greatest common factor of b and g.
8
Suppose -a = -5*h + 224, -15*h + 16*h - 2*a - 43 = 0. Suppose 4*k + 315 = -5*q + 8*q, 2*q = 4*k + 210. Calculate the highest common factor of q and h.
15
Let n be 2*(28/(-8) - -5). Let m be 27/(-12) + (35/(-20))/(-7). Let w be (-2)/(-3) + (-2)/(-6) - m. Calculate the highest common factor of n and w.
3
Suppose 5*v = 12*j - 8*j + 2300, -3*v = 3*j - 1353. What is the greatest common factor of v and 4218?
114
Let l = 6227 - 3011. Calculate the highest common factor of 48 and l.
48
Suppose 0 = -4*u + u, -4*k - 884 = -2*u. Let p = -155 - k. What is the greatest common divisor of p and 44?
22
Let t = 105 - 48. Suppose -v - 388 = -3*y, 17 - 21 = v. Suppose -100 = -6*q + y. Calculate the highest common divisor of q and t.
19
Suppose -587 = -7*c + 638. Let f = -119 + c. Calculate the greatest common divisor of 42 and f.
14
Let l(n) = -2*